

{"id":1206,"date":"2024-08-26T13:08:16","date_gmt":"2024-08-26T11:08:16","guid":{"rendered":"https:\/\/clarasoteras.com\/eventos-y-medios\/inma-elevate-scholar-clara-soteras-acosta-of-el-nacional-inma\/"},"modified":"2024-08-26T13:08:16","modified_gmt":"2024-08-26T11:08:16","slug":"inma-elevate-scholar-clara-soteras-acosta-of-el-nacional-inma","status":"publish","type":"eventos-y-medios","link":"https:\/\/clarasoteras.com\/en\/events-media\/inma-elevate-scholar-clara-soteras-acosta-of-el-nacional-inma\/","title":{"rendered":"INMA Elevate Scholar: Clara Soteras Acosta of El Nacional &#8211; INMA"},"content":{"rendered":"","protected":false},"template":"","etiquetas-eventos-y-medios":[],"idioma-eventos-y-medios":[71],"tematica-eventos-y-medios":[73],"formato-eventos-y-medios":[75],"categorias-eventos-y-medios":[77],"class_list":["post-1206","eventos-y-medios","type-eventos-y-medios","status-publish","hentry","idioma-eventos-y-medios-english-en","tematica-eventos-y-medios-about-me","formato-eventos-y-medios-article","categorias-eventos-y-medios-mention"],"yoast_head":"<!-- This site is optimized with the Yoast SEO plugin v27.5 - https:\/\/yoast.com\/product\/yoast-seo-wordpress\/ -->\n<title>INMA Elevate Scholar: Clara Soteras Acosta of El Nacional - INMA - Clara Soteras<\/title>\n<meta name=\"robots\" content=\"noindex, follow\" \/>\n<meta property=\"og:locale\" content=\"en_US\" \/>\n<meta property=\"og:type\" content=\"article\" \/>\n<meta property=\"og:title\" content=\"INMA Elevate Scholar: Clara Soteras Acosta of El Nacional - INMA - Clara Soteras\" \/>\n<meta property=\"og:url\" content=\"https:\/\/clarasoteras.com\/en\/events-media\/inma-elevate-scholar-clara-soteras-acosta-of-el-nacional-inma\/\" \/>\n<meta property=\"og:site_name\" content=\"Clara Soteras\" \/>\n<meta property=\"og:image\" content=\"https:\/\/clarasoteras.com\/wp-content\/uploads\/2024\/09\/imagen-logo-clara-1200.jpg\" \/>\n\t<meta property=\"og:image:width\" content=\"1200\" \/>\n\t<meta property=\"og:image:height\" content=\"675\" \/>\n\t<meta property=\"og:image:type\" content=\"image\/jpeg\" \/>\n<meta name=\"twitter:card\" content=\"summary_large_image\" \/>\n<meta name=\"twitter:site\" content=\"@ClaraSoteras\" \/>\n<script type=\"application\/ld+json\" class=\"yoast-schema-graph\">{\"@context\":\"https:\\\/\\\/schema.org\",\"@graph\":[{\"@type\":[\"WebPage\",\"ItemPage\"],\"@id\":\"https:\\\/\\\/clarasoteras.com\\\/en\\\/events-media\\\/inma-elevate-scholar-clara-soteras-acosta-of-el-nacional-inma\\\/\",\"url\":\"https:\\\/\\\/clarasoteras.com\\\/en\\\/events-media\\\/inma-elevate-scholar-clara-soteras-acosta-of-el-nacional-inma\\\/\",\"name\":\"INMA Elevate Scholar: Clara Soteras Acosta of El Nacional - INMA - Clara Soteras\",\"isPartOf\":{\"@id\":\"https:\\\/\\\/clarasoteras.com\\\/en\\\/#website\"},\"datePublished\":\"2024-08-26T11:08:16+00:00\",\"breadcrumb\":{\"@id\":\"https:\\\/\\\/clarasoteras.com\\\/en\\\/events-media\\\/inma-elevate-scholar-clara-soteras-acosta-of-el-nacional-inma\\\/#breadcrumb\"},\"inLanguage\":\"en-US\",\"potentialAction\":[{\"@type\":\"ReadAction\",\"target\":[\"https:\\\/\\\/clarasoteras.com\\\/en\\\/events-media\\\/inma-elevate-scholar-clara-soteras-acosta-of-el-nacional-inma\\\/\"]}]},{\"@type\":\"BreadcrumbList\",\"@id\":\"https:\\\/\\\/clarasoteras.com\\\/en\\\/events-media\\\/inma-elevate-scholar-clara-soteras-acosta-of-el-nacional-inma\\\/#breadcrumb\",\"itemListElement\":[{\"@type\":\"ListItem\",\"position\":1,\"name\":\"Home\",\"item\":\"https:\\\/\\\/clarasoteras.com\\\/en\\\/\"},{\"@type\":\"ListItem\",\"position\":2,\"name\":\"Events and media\",\"item\":\"https:\\\/\\\/clarasoteras.com\\\/en\\\/events-media\\\/\"},{\"@type\":\"ListItem\",\"position\":3,\"name\":\"INMA Elevate Scholar: Clara Soteras Acosta of El Nacional &#8211; INMA\"}]},{\"@type\":\"WebSite\",\"@id\":\"https:\\\/\\\/clarasoteras.com\\\/en\\\/#website\",\"url\":\"https:\\\/\\\/clarasoteras.com\\\/en\\\/\",\"name\":\"Clara Soteras\",\"description\":\"SEO, medios y periodismo digital\",\"publisher\":{\"@id\":\"https:\\\/\\\/clarasoteras.com\\\/en\\\/#\\\/schema\\\/person\\\/df3839c4a530026845115cc05ffa1f85\"},\"potentialAction\":[{\"@type\":\"SearchAction\",\"target\":{\"@type\":\"EntryPoint\",\"urlTemplate\":\"https:\\\/\\\/clarasoteras.com\\\/en\\\/?s={search_term_string}\"},\"query-input\":{\"@type\":\"PropertyValueSpecification\",\"valueRequired\":true,\"valueName\":\"search_term_string\"}}],\"inLanguage\":\"en-US\"},{\"@type\":[\"Person\",\"Organization\"],\"@id\":\"https:\\\/\\\/clarasoteras.com\\\/en\\\/#\\\/schema\\\/person\\\/df3839c4a530026845115cc05ffa1f85\",\"name\":\"Clara Soteras\",\"image\":{\"@type\":\"ImageObject\",\"inLanguage\":\"en-US\",\"@id\":\"https:\\\/\\\/clarasoteras.com\\\/wp-content\\\/uploads\\\/2024\\\/08\\\/favicon.png\",\"url\":\"https:\\\/\\\/clarasoteras.com\\\/wp-content\\\/uploads\\\/2024\\\/08\\\/favicon.png\",\"contentUrl\":\"https:\\\/\\\/clarasoteras.com\\\/wp-content\\\/uploads\\\/2024\\\/08\\\/favicon.png\",\"width\":512,\"height\":512,\"caption\":\"Clara Soteras\"},\"logo\":{\"@id\":\"https:\\\/\\\/clarasoteras.com\\\/wp-content\\\/uploads\\\/2024\\\/08\\\/favicon.png\"},\"description\":\"Clara Soteras es Consultora SEO y Estrategia Digital para distintos medios de comunicaci\u00f3n y empresas, incorporando la visi\u00f3n de producto a cualquier proyecto o negocio. Actualmente es Jefa de Innovaci\u00f3n y Estrategia Digital en AMIC, una asociaci\u00f3n de medios de informaci\u00f3n y comunicaci\u00f3n de proximidad con m\u00e1s de 600 asociados. Tambi\u00e9n es profesora asociada en la Universidad Aut\u00f3noma de Barcelona y profesora de SEO en medios en otras escuelas de negocio como Webpositer o KSchool y forma parte del panel de juces en distintos premios de b\u00fasqueda como los Global, European o los UK Search Awards y en premios de periodismo de organizaciones internacionales como Online News Association, WAN-IFRA y LION Publishers. Acaba de publicar el libro \u201cManual de instrucciones SEO para medios\u201d, editado por la newsletter Tendenci@s, disponible en formato impreso y digital. Y tambi\u00e9n una edici\u00f3n en ingl\u00e9s titulada \u201cSEO Playbook for News Publishers\u201d, un libro enfocado a la audiencia global. Es un libro que recoge todas las claves para trabajar el posicionamiento de contenidos en medios, tanto a nivel editorial como t\u00e9cnico, pensado para periodistas, editores y roles estrat\u00e9gicos de las redacciones.\",\"sameAs\":[\"https:\\\/\\\/clarasoteras.com\",\"https:\\\/\\\/www.instagram.com\\\/clara_soteras\\\/\",\"https:\\\/\\\/www.linkedin.com\\\/in\\\/clara-soteras-acosta\\\/\",\"https:\\\/\\\/x.com\\\/ClaraSoteras\",\"https:\\\/\\\/ca.wikipedia.org\\\/wiki\\\/Clara_Soteras_i_Acosta\"]}]}<\/script>\n<!-- \/ Yoast SEO plugin. -->","yoast_head_json":{"title":"INMA Elevate Scholar: Clara Soteras Acosta of El Nacional - INMA - Clara Soteras","robots":{"index":"noindex","follow":"follow"},"og_locale":"en_US","og_type":"article","og_title":"INMA Elevate Scholar: Clara Soteras Acosta of El Nacional - INMA - Clara Soteras","og_url":"https:\/\/clarasoteras.com\/en\/events-media\/inma-elevate-scholar-clara-soteras-acosta-of-el-nacional-inma\/","og_site_name":"Clara Soteras","og_image":[{"width":1200,"height":675,"url":"https:\/\/clarasoteras.com\/wp-content\/uploads\/2024\/09\/imagen-logo-clara-1200.jpg","type":"image\/jpeg"}],"twitter_card":"summary_large_image","twitter_site":"@ClaraSoteras","schema":{"@context":"https:\/\/schema.org","@graph":[{"@type":["WebPage","ItemPage"],"@id":"https:\/\/clarasoteras.com\/en\/events-media\/inma-elevate-scholar-clara-soteras-acosta-of-el-nacional-inma\/","url":"https:\/\/clarasoteras.com\/en\/events-media\/inma-elevate-scholar-clara-soteras-acosta-of-el-nacional-inma\/","name":"INMA Elevate Scholar: Clara Soteras Acosta of El Nacional - INMA - Clara Soteras","isPartOf":{"@id":"https:\/\/clarasoteras.com\/en\/#website"},"datePublished":"2024-08-26T11:08:16+00:00","breadcrumb":{"@id":"https:\/\/clarasoteras.com\/en\/events-media\/inma-elevate-scholar-clara-soteras-acosta-of-el-nacional-inma\/#breadcrumb"},"inLanguage":"en-US","potentialAction":[{"@type":"ReadAction","target":["https:\/\/clarasoteras.com\/en\/events-media\/inma-elevate-scholar-clara-soteras-acosta-of-el-nacional-inma\/"]}]},{"@type":"BreadcrumbList","@id":"https:\/\/clarasoteras.com\/en\/events-media\/inma-elevate-scholar-clara-soteras-acosta-of-el-nacional-inma\/#breadcrumb","itemListElement":[{"@type":"ListItem","position":1,"name":"Home","item":"https:\/\/clarasoteras.com\/en\/"},{"@type":"ListItem","position":2,"name":"Events and media","item":"https:\/\/clarasoteras.com\/en\/events-media\/"},{"@type":"ListItem","position":3,"name":"INMA Elevate Scholar: Clara Soteras Acosta of El Nacional &#8211; INMA"}]},{"@type":"WebSite","@id":"https:\/\/clarasoteras.com\/en\/#website","url":"https:\/\/clarasoteras.com\/en\/","name":"Clara Soteras","description":"SEO, medios y periodismo digital","publisher":{"@id":"https:\/\/clarasoteras.com\/en\/#\/schema\/person\/df3839c4a530026845115cc05ffa1f85"},"potentialAction":[{"@type":"SearchAction","target":{"@type":"EntryPoint","urlTemplate":"https:\/\/clarasoteras.com\/en\/?s={search_term_string}"},"query-input":{"@type":"PropertyValueSpecification","valueRequired":true,"valueName":"search_term_string"}}],"inLanguage":"en-US"},{"@type":["Person","Organization"],"@id":"https:\/\/clarasoteras.com\/en\/#\/schema\/person\/df3839c4a530026845115cc05ffa1f85","name":"Clara Soteras","image":{"@type":"ImageObject","inLanguage":"en-US","@id":"https:\/\/clarasoteras.com\/wp-content\/uploads\/2024\/08\/favicon.png","url":"https:\/\/clarasoteras.com\/wp-content\/uploads\/2024\/08\/favicon.png","contentUrl":"https:\/\/clarasoteras.com\/wp-content\/uploads\/2024\/08\/favicon.png","width":512,"height":512,"caption":"Clara Soteras"},"logo":{"@id":"https:\/\/clarasoteras.com\/wp-content\/uploads\/2024\/08\/favicon.png"},"description":"Clara Soteras es Consultora SEO y Estrategia Digital para distintos medios de comunicaci\u00f3n y empresas, incorporando la visi\u00f3n de producto a cualquier proyecto o negocio. Actualmente es Jefa de Innovaci\u00f3n y Estrategia Digital en AMIC, una asociaci\u00f3n de medios de informaci\u00f3n y comunicaci\u00f3n de proximidad con m\u00e1s de 600 asociados. Tambi\u00e9n es profesora asociada en la Universidad Aut\u00f3noma de Barcelona y profesora de SEO en medios en otras escuelas de negocio como Webpositer o KSchool y forma parte del panel de juces en distintos premios de b\u00fasqueda como los Global, European o los UK Search Awards y en premios de periodismo de organizaciones internacionales como Online News Association, WAN-IFRA y LION Publishers. Acaba de publicar el libro \u201cManual de instrucciones SEO para medios\u201d, editado por la newsletter Tendenci@s, disponible en formato impreso y digital. Y tambi\u00e9n una edici\u00f3n en ingl\u00e9s titulada \u201cSEO Playbook for News Publishers\u201d, un libro enfocado a la audiencia global. Es un libro que recoge todas las claves para trabajar el posicionamiento de contenidos en medios, tanto a nivel editorial como t\u00e9cnico, pensado para periodistas, editores y roles estrat\u00e9gicos de las redacciones.","sameAs":["https:\/\/clarasoteras.com","https:\/\/www.instagram.com\/clara_soteras\/","https:\/\/www.linkedin.com\/in\/clara-soteras-acosta\/","https:\/\/x.com\/ClaraSoteras","https:\/\/ca.wikipedia.org\/wiki\/Clara_Soteras_i_Acosta"]}]}},"_links":{"self":[{"href":"https:\/\/clarasoteras.com\/en\/wp-json\/wp\/v2\/eventos-y-medios\/1206","targetHints":{"allow":["GET"]}}],"collection":[{"href":"https:\/\/clarasoteras.com\/en\/wp-json\/wp\/v2\/eventos-y-medios"}],"about":[{"href":"https:\/\/clarasoteras.com\/en\/wp-json\/wp\/v2\/types\/eventos-y-medios"}],"wp:attachment":[{"href":"https:\/\/clarasoteras.com\/en\/wp-json\/wp\/v2\/media?parent=1206"}],"wp:term":[{"taxonomy":"etiquetas-eventos-y-medios","embeddable":true,"href":"https:\/\/clarasoteras.com\/en\/wp-json\/wp\/v2\/etiquetas-eventos-y-medios?post=1206"},{"taxonomy":"idioma-eventos-y-medios","embeddable":true,"href":"https:\/\/clarasoteras.com\/en\/wp-json\/wp\/v2\/idioma-eventos-y-medios?post=1206"},{"taxonomy":"tematica-eventos-y-medios","embeddable":true,"href":"https:\/\/clarasoteras.com\/en\/wp-json\/wp\/v2\/tematica-eventos-y-medios?post=1206"},{"taxonomy":"formato-eventos-y-medios","embeddable":true,"href":"https:\/\/clarasoteras.com\/en\/wp-json\/wp\/v2\/formato-eventos-y-medios?post=1206"},{"taxonomy":"categorias-eventos-y-medios","embeddable":true,"href":"https:\/\/clarasoteras.com\/en\/wp-json\/wp\/v2\/categorias-eventos-y-medios?post=1206"}],"curies":[{"name":"wp","href":"https:\/\/api.w.org\/{rel}","templated":true}]}}

<!-- This site is optimized with the Yoast SEO plugin v27.5 - https://yoast.com/product/yoast-seo-wordpress/ -->
<title>INMA Elevate Scholar: Clara Soteras Acosta of El Nacional - INMA - Clara Soteras</title>
<meta name="robots" content="noindex, follow" />
<meta property="og:locale" content="en_US" />
<meta property="og:type" content="article" />
<meta property="og:title" content="INMA Elevate Scholar: Clara Soteras Acosta of El Nacional - INMA - Clara Soteras" />
<meta property="og:url" content="https://clarasoteras.com/en/events-media/inma-elevate-scholar-clara-soteras-acosta-of-el-nacional-inma/" />
<meta property="og:site_name" content="Clara Soteras" />
<meta property="og:image" content="https://clarasoteras.com/wp-content/uploads/2024/09/imagen-logo-clara-1200.jpg" />
	<meta property="og:image:width" content="1200" />
	<meta property="og:image:height" content="675" />
	<meta property="og:image:type" content="image/jpeg" />
<meta name="twitter:card" content="summary_large_image" />
<meta name="twitter:site" content="@ClaraSoteras" />
<script type="application/ld+json" class="yoast-schema-graph">{"@context":"https:\/\/schema.org","@graph":[{"@type":["WebPage","ItemPage"],"@id":"https:\/\/clarasoteras.com\/en\/events-media\/inma-elevate-scholar-clara-soteras-acosta-of-el-nacional-inma\/","url":"https:\/\/clarasoteras.com\/en\/events-media\/inma-elevate-scholar-clara-soteras-acosta-of-el-nacional-inma\/","name":"INMA Elevate Scholar: Clara Soteras Acosta of El Nacional - INMA - Clara Soteras","isPartOf":{"@id":"https:\/\/clarasoteras.com\/en\/#website"},"datePublished":"2024-08-26T11:08:16+00:00","breadcrumb":{"@id":"https:\/\/clarasoteras.com\/en\/events-media\/inma-elevate-scholar-clara-soteras-acosta-of-el-nacional-inma\/#breadcrumb"},"inLanguage":"en-US","potentialAction":[{"@type":"ReadAction","target":["https:\/\/clarasoteras.com\/en\/events-media\/inma-elevate-scholar-clara-soteras-acosta-of-el-nacional-inma\/"]}]},{"@type":"BreadcrumbList","@id":"https:\/\/clarasoteras.com\/en\/events-media\/inma-elevate-scholar-clara-soteras-acosta-of-el-nacional-inma\/#breadcrumb","itemListElement":[{"@type":"ListItem","position":1,"name":"Home","item":"https:\/\/clarasoteras.com\/en\/"},{"@type":"ListItem","position":2,"name":"Events and media","item":"https:\/\/clarasoteras.com\/en\/events-media\/"},{"@type":"ListItem","position":3,"name":"INMA Elevate Scholar: Clara Soteras Acosta of El Nacional &#8211; INMA"}]},{"@type":"WebSite","@id":"https:\/\/clarasoteras.com\/en\/#website","url":"https:\/\/clarasoteras.com\/en\/","name":"Clara Soteras","description":"SEO, medios y periodismo digital","publisher":{"@id":"https:\/\/clarasoteras.com\/en\/#\/schema\/person\/df3839c4a530026845115cc05ffa1f85"},"potentialAction":[{"@type":"SearchAction","target":{"@type":"EntryPoint","urlTemplate":"https:\/\/clarasoteras.com\/en\/?s={search_term_string}"},"query-input":{"@type":"PropertyValueSpecification","valueRequired":true,"valueName":"search_term_string"}}],"inLanguage":"en-US"},{"@type":["Person","Organization"],"@id":"https:\/\/clarasoteras.com\/en\/#\/schema\/person\/df3839c4a530026845115cc05ffa1f85","name":"Clara Soteras","image":{"@type":"ImageObject","inLanguage":"en-US","@id":"https:\/\/clarasoteras.com\/wp-content\/uploads\/2024\/08\/favicon.png","url":"https:\/\/clarasoteras.com\/wp-content\/uploads\/2024\/08\/favicon.png","contentUrl":"https:\/\/clarasoteras.com\/wp-content\/uploads\/2024\/08\/favicon.png","width":512,"height":512,"caption":"Clara Soteras"},"logo":{"@id":"https:\/\/clarasoteras.com\/wp-content\/uploads\/2024\/08\/favicon.png"},"description":"Clara Soteras es Consultora SEO y Estrategia Digital para distintos medios de comunicación y empresas, incorporando la visión de producto a cualquier proyecto o negocio. Actualmente es Jefa de Innovación y Estrategia Digital en AMIC, una asociación de medios de información y comunicación de proximidad con más de 600 asociados. También es profesora asociada en la Universidad Autónoma de Barcelona y profesora de SEO en medios en otras escuelas de negocio como Webpositer o KSchool y forma parte del panel de juces en distintos premios de búsqueda como los Global, European o los UK Search Awards y en premios de periodismo de organizaciones internacionales como Online News Association, WAN-IFRA y LION Publishers. Acaba de publicar el libro “Manual de instrucciones SEO para medios”, editado por la newsletter Tendenci@s, disponible en formato impreso y digital. Y también una edición en inglés titulada “SEO Playbook for News Publishers”, un libro enfocado a la audiencia global. Es un libro que recoge todas las claves para trabajar el posicionamiento de contenidos en medios, tanto a nivel editorial como técnico, pensado para periodistas, editores y roles estratégicos de las redacciones.","sameAs":["https:\/\/clarasoteras.com","https:\/\/www.instagram.com\/clara_soteras\/","https:\/\/www.linkedin.com\/in\/clara-soteras-acosta\/","https:\/\/x.com\/ClaraSoteras","https:\/\/ca.wikipedia.org\/wiki\/Clara_Soteras_i_Acosta"]}]}</script>
<!-- / Yoast SEO plugin. -->

Clara Soteras es Consultora SEO y Estrategia Digital para distintos medios de comunicación y empresas, incorporando la visión de producto a cualquier proyecto o negocio. Actualmente es Jefa de Innovación y Estrategia Digital en AMIC, una asociación de medios de información y comunicación de proximidad con más de 600 asociados. También es profesora asociada en la Universidad Autónoma de Barcelona y profesora de SEO en medios en otras escuelas de negocio como Webpositer o KSchool y forma parte del panel de juces en distintos premios de búsqueda como los Global, European o los UK Search Awards y en premios de periodismo de organizaciones internacionales como Online News Association, WAN-IFRA y LION Publishers. Acaba de publicar el libro “Manual de instrucciones SEO para medios”, editado por la newsletter Tendenci@s, disponible en formato impreso y digital. Y también una edición en inglés titulada “SEO Playbook for News Publishers”, un libro enfocado a la audiencia global. Es un libro que recoge todas las claves para trabajar el posicionamiento de contenidos en medios, tanto a nivel editorial como técnico, pensado para periodistas, editores y roles estratégicos de las redacciones.
